pose -64 = 15*h - 19*h. Let b(o) = 12 - 5*o + 22*o - h*o. Calculate b(-9).
3
Suppose -2*f = -55 - 19. Suppose 5 + f = 7*l. Let c(a) = l - 4*a + 4 - 10. What is c(1)?
-4
Let l(b) be the first derivative of b**3/3 - 3*b**2 - b + 3. Let p be (-8)/2 + (-190)/(-19). Calculate l(p).
-1
Let g(q) = -q**2 + 14*q - 16. Suppose -8*m + 7*m = -h + 15, -2*h - m + 27 = 0. What is g(h)?
-16
Let v(g) = 5*g**2 - 3*g**3 - 2*g**2 - 7*g - 5 + 4*g**3. Let c(o) = 3*o - 3. Let p be c(5). Let a be p/(-10)*10/3. Determine v(a).
7
Suppose 1020 - 992 = 4*n. Let j(h) = -h - 2. Determine j(n).
-9
Let x(l) = l**3 + 6*l**2 - 2*l - 5. Suppose 233 = -4*n + 209. Determine x(n).
7
Let z = 5 + -4. Suppose -5*j + 36 - z = 0. Let v(b) = b**2 - 7*b - 5. Give v(j).
-5
Suppose -2*k = 6 + 6. Let l = 1 + k. Let w(t) = 2*t**2 + t - 2. Let h(z) = -3*z**2 - 2*z + 3. Let r(v) = l*w(v) - 3*h(v). Determine r(-2).
-5
Let j(c) = c**3 + 3*c**2 + c + 1. Suppose -5*q + 3 = -2. Suppose -11*t = q + 43. What is j(t)?
-19
Let d(b) = b**3 + 8*b**2 - 12*b + 8. Let a(g) = -g**3 - 10*g**2 + 13*g - 6. Let x(o) = 3*a(o) + 2*d(o). What is x(-15)?
-2
Let q(p) = -2*p**3 + p - 2. Let s(z) = 2*z - 14. Let c(v) = -v - 4. Let a be c(-10). Let y be s(a). What is q(y)?
12
Suppose -4*m + 40 = -0*m. Suppose 2*u + m = 16. Let z(k) = k. What is z(u)?
3
Let s(q) = q - 8. Suppose -2005*w = -1990*w + 90. What is s(w)?
-14
Let m(k) = -k**3 - k + 2. Let t be m(0). Suppose i = -5*q - 6 + 24, 5*i + t*q = 21. Let b be i*5/(-15)*5. Let l(o) = -o - 8. Give l(b).
-3
Let t be (2 + (-4 - -3))*-1. Let q(x) = x**2 + x - 1. Let s(a) = a**3 + 2*a**2 + 3*a - 2. Let m(f) = t*s(f) + 6*q(f). Calculate m(5).
-14
Let b(n) be the first derivative of -3*n**2 - 1/3*n**3 + 1 - 4*n. Suppose 0*m + m = -5. Give b(m).
1
Suppose 0 = 2*b - 8 - 4. Let v(w) = -5*w - w**3 + 12 + 12*w**2 - 17 - 5*w**2. Give v(b).
1
Let a(h) = -5*h - 4. Let u(c) = 9*c + 7. Let x be u(-4). Let v = x + 26. Give a(v).
11
Let x(t) = t**3 - 2*t**2. Suppose 5*s - 15 = 0, 7*r - 10*r + 2*s = -3. Give x(r).
9
Let h(t) = -t**3 - 11*t**2 + 24*t - 27. Let a be (18 - (6 + -1))*(-12 + 11). What is h(a)?
-1
Let d(c) = 3 + 3 + c**2 + 0 + 6*c. Suppose x + w - 1 = -0*w, x + 29 = 5*w. What is d(x)?
-2
Let x(m) = -m**3 - 6*m**2 - 3. Suppose 2*o + 8 = 6*o. Let l be (-12)/o + 0/(-10). Determine x(l).
-3
Let r(v) = -v**2 - 5*v - 4. Let m be (-8)/3*(-2 + (-76)/16). Suppose z - m = 7*z. Calculate r(z).
2
Let c(g) = -g**2 - 5*g - 7. Let v(s) = 1. Let r(l) = c(l) + 4*v(l). Let u = -9 + 9. Suppose 5*a - 2*a + 18 = u. Calculate r(a).
-9
Let n(l) be the second derivative of -l**3/6 + l**2 + 10*l. Let q be n(1). Let b(f) = 15*f**3 - f. Give b(q).
14
Let x be 21/(-4)*160/(-12) - 3. Suppose -4*p = -x + 43. Let i(t) = t**2 - 7*t + 9. Calculate i(p).
3
Suppose 2*a + 5*z = 5*a + 23, 0 = 3*a - z + 19. Let c(v) = 18*v - 5. Let q(b) = -17*b + 4. Let y(o) = a*c(o) - 7*q(o). Calculate y(-2).
-20
Let d = -4 - -2. Let h(z) be the second derivative of z**4/4 - z**3/6 - 21*z**2/2 + 21*z. Let l(i) be the first derivative of h(i). Determine l(d).
-13
Suppose 69*b - 30 = 39*b. Let y(m) = m**3 + m**2 - m. Calculate y(b).
1
Let p(u) = -u**3 + 6*u**2 - 3*u + 20. Let d be p(6). Let j(l) = 0 - 10*l + 2*l + 2. What is j(d)?
-14
Let l(t) = -7*t + 147. Let r be l(21). Let c(g) be the third derivative of 11*g**2 + r*g + 1/24*g**4 - 1/3*g**3 + 0. Give c(-5).
-7
Suppose 0 = -3*p + 15, -3*p - 4 = 3*i - 5*p. Let y = 18 + -13. Suppose -3*f - 8 = y*d + 3, 3*f + 4 = i*d. Let u(x) = 8*x**2 + x. Give u(d).
7
Let s(c) = 5*c - 7. Let k(g) = -14*g + 20. Let d(r) = 6*k(r) + 17*s(r). Suppose -4*x - 10 = -5*y, 267*x - 264*x + y + 17 = 0. What is d(x)?
-4
Let f = -65 + 42. Let m = 24 + f. Let b(c) = m + c + 12 - 9. Calculate b(-5).
-1
Let k(q) = -4*q + 45. Let o(c) = -2*c + 26. Let h(s) = 4*k(s) - 9*o(s). Give h(27).
0
Let q(l) = l**2 - 7*l + 1. Let i be q(6). Let p(o) = -o**2 - 16*o - 28. Let u be p(-14). Let g(b) = -124 + 130 + u*b + b. Give g(i).
1
Let h(x) = 4 + 1 - 2*x**2 - 12*x - 18 - 7*x - x. Give h(-9).
5
Suppose 6*b = 5 + 1. Let g be 4/b + -2 + 2. Suppose g*s - 6*s = 0. Let k(z) = -z**3. Give k(s).
0
Suppose 4*h + 3 = o, 3*o - 6*o = 5*h - 9. Suppose f - 2*f = h. Let t(n) = -5*n**2 + 6*n + 13. Let p(r) = -r**2 + r + 1. Let j(l) = -6*p(l) + t(l). Give j(f).
7
Let n(h) be the second derivative of h**5/20 - 5*h**4/12 + h**3/3 - 7*h**2 - 3*h + 98. Give n(6).
34
Suppose 0 = 3*s - 3*z - 18, 8 = 4*z - 6*z. Suppose -7*t - s = -8*t. Let n(m) = -1 - 1 - 1 - 6*m - 2*m**t. Give n(-4).
-11
Let g be (-18)/30 - 56/(-10). Suppose 5*r - 30 = g*p, -4*r + 6*r - 10 = 4*p. Let c(x) = x**3 - 7*x**2 - x + 4. What is c(r)?
-3
Suppose 5*m - 5*h - 38 = -68, 2*m + 2*h + 4 = 0. Let c(a) be the third derivative of -a**6/120 - a**5/30 + 5*a**4/24 + a**3/6 + 2*a**2. Determine c(m).
13
Let o be 1*87/(-6)*-2. Let q(h) = -o*h - 3 + 15*h + 15*h. Give q(4).
1
Suppose 0 = 88*u - 81*u - 35. Let r(i) be the first derivative of -1 - 1/4*i**4 + 1/2*i**2 + 5/3*i**3 + 3*i. Determine r(u).
8
Suppose 5*n + 1 = 16. Let z be (78/12 - 6) + 15/6. Suppose -z*p + n = -2*p. Let j(l) = l**2 - 3*l + 1. Calculate j(p).
1
Let l(t) = t**3 + 5*t**2 - 7*t - 9. Let n(j) = -j**3 + 10*j**2 - 16*j - 4. Let d be n(8). Let a = -10 - d. What is l(a)?
-3
Suppose 23*u + 110 = 12*u. Let j(f) = f**3 + 9*f**2 - 10*f + 8. Calculate j(u).
8
Let v be -1 - 6/3 - -6. Suppose -g - v = -4*g. Let y(k) = 15*k**2 - 21*k - 6. Let c(b) = 3*b**2 - 4*b - 1. Let t(r) = -11*c(r) + 2*y(r). Calculate t(g).
-2
Let a(y) = -6*y + 187 + 163 + 3*y - 494 + 168. Give a(7).
3
Let m be 2 - (-2)/2 - 3. Suppose m = -4*w + w + 6. Let n(g) be the second derivative of g**3 - 3*g**2/2 - g. What is n(w)?
9
Let c be (-3 - -9) + -8*45/60. Let x(s) be the second derivative of 3*s - 9/2*s**2 + c + 1/6*s**3. Calculate x(0).
-9
Let j(t) be the first derivative of -t**3/3 - 9*t**2/2 - 13*t + 266. Determine j(-7).
1
Let m = 63 - 32. Suppose 27*d = m*d. Let l(p) = -p**2 + p - 12. Calculate l(d).
-12
Let q(g) = -70 - 75 - 72 + 221 - g**2. Give q(-4).
-12
Let c(k) be the second derivative of -k**5/20 + 5*k**4/12 - k**3/6 - 2*k**2 + 54*k. Let s = -9 - -13. Suppose 5*t - 10 = 0, -3 = -s*w + 5*w - 3*t. Give c(w).
11
Let c(x) = -7*x**2 - 5 + 7*x**3 - 7*x - 8*x**3 + 0*x**2. Let r = 27 - -21. Let a be (-320)/r - 4/(-6). What is c(a)?
1
Let h = 853 - 851. Let m(s) = 2*s + 2*s**2 - 3*s - 5*s**3 - 3*s + 4*s**3 + 2. Calculate m(h).
-6
Let w(i) = 9*i - 15*i - 1 + 2 - 7*i**2 + 0*i + 3*i. Give w(-3).
-53
Let l(n) be the second derivative of -n**4/12 - n**3/2 + 3*n**2 - 3*n - 20. Give l(-3).
6
Let g(h) = 0*h + 3*h - 8*h - 5 + h**2. Let o be 9 + (-3 - -2)*3. What is g(o)?
1
Let j be (6 - 8) + 5/1 + -1. Suppose -p + 2 = -j*p. Let n(d) = -2*d**3 + d**2 - d. Calculate n(p).
22
Let w(b) = b - 50. Let f(z) = -40. Let j(n) = f(n) - w(n). Suppose -2*y = -3*y + 9. Determine j(y).
1
Let f be 4*1*(-1)/(-2). Let y(t) = -6*t + 0*t**3 + 2 - t**3 + f*t - 5*t**2. Suppose -10*g - 438 = -398. Calculate y(g).
2
Let z = 722 + -17327/24. Let k(y) be the third derivative of -1/3*y**3 + 0 - z*y**4 + 0*y + 10*y**2. What is k(5)?
-7
Let l(r) = 11*r + 0*r**2 - 10 + 0*r**2 + 6*r**2 + 7*r**2 - 14*r**2. Determine l(9).
8
Let f(z) = 7*z + 4 - 6*z**2 + 3*z**2 - 6*z**2 + 8*z**2. Let h be 2/((-4)/(-6)) + 5. What is f(h)?
-4
Let i(u) = 6*u - 16*u + 0*u + 4 - u**2. Determine i(-11).
-7
Suppose -67*k + 60*k = -63. Let m(j) = 11 - j**3 + 7*j + 1 + 8*j**2 + 0*j**3. Give m(k).
-6
Let k(v) be the first derivative of v**2 + 29*v - 577. What is k(-14)?
1
Suppose v = 5*v - 5*i - 11, 0 = -5*v + 5*i + 15. Suppose 17 = -4*t - 0*h + 5*h, 2*t - 19 = -3*h. Let g(q) = -1 + 4*q - q**3 + 3*q**t - 1 - 3. What is g(v)?
-5
Let o(v) = v + 2. Suppose 4*k - 19 - 5 = 0. Let r(d) = -d + 22 - 2*d - 18 + 14. Let l be r(k). Calculate o(l).
2
Suppose 0 = 3*q + 9*q - 84. Let m(t) = -t**2 + 9*t + 3. Calculate m(q).
17
Let c(i) = 17 + i - 5 - 9 - 2. Give c(6).
7
Let q be 2 - (1 - 1 - 1). Let l(w) = -q + w + 3. Suppose -2220*j = -2225*j. What is l(j)?
0
Let b(l) = -4*l**2 + 8*l - 15. Let y(w) = -w**2 + 2*w - 4. Let t(s) = 6*b(s) - 22*y(s). Let j(i) = 17*i + 54. Let z be j(-3). Determine t(z).
-8
Let q(t) be the third derivative of -t**6/120 + t**5/15 + t**4/6 + t**3/2 + 374*t**2. Let v be 6/(-27) + (-47)/(-9). What is q(v)?
-2